{"id":91,"date":"2015-11-04T11:47:51","date_gmt":"2015-11-04T10:47:51","guid":{"rendered":"http:\/\/desarly.com\/?page_id=91"},"modified":"2025-11-24T22:09:00","modified_gmt":"2025-11-24T21:09:00","slug":"latinostars","status":"publish","type":"page","link":"https:\/\/desarly.com\/index.php\/latinostars\/","title":{"rendered":"FLASHBACK 80"},"content":{"rendered":"<p>[vc_row parallax=\u00a0\u00bb\u00a0\u00bb parallax_image=\u00a0\u00bb\u00a0\u00bb][vc_column][vc_single_image image=\u00a0\u00bb465&Prime; img_size=\u00a0\u00bblarge\u00a0\u00bb alignment=\u00a0\u00bbcenter\u00a0\u00bb][vc_empty_space height=\u00a0\u00bb30px\u00a0\u00bb][vc_column_text]<\/p>\n<h3><\/h3>\n<h3><strong><span style=\"color: #ffffff;\">Voici FLASHBACK 80, le spectacle vari\u00e9t\u00e9s de Michel De Sarly (Dur\u00e9e 1h30 \u00e0 2h ) Chanteur guitariste et chanteuse + 2 ou 4 danseuses selon formule. Avec les moments les plus populaires du Top 50 ambiance festive : <span style=\"font-family: Chalkduster, serif;\"><i>Connemara, Nougayork,\u00a0<\/i><\/span><span style=\"font-family: Chalkduster, serif;\"><i>R.Poveri,\u00a0<\/i><\/span><span style=\"font-family: Chalkduster, serif;\"><i>Gold, Goldman, Blondie, Kilie Minogue, F.Gall, Berger, Dalida, Gipsy Kings etc<\/i><\/span><\/span><\/strong><\/h3>\n<p>[\/vc_column_text][vc_empty_space height=\u00a0\u00bb30px\u00a0\u00bb][\/vc_column][\/vc_row]<\/p>\n<p><iframe loading=\"lazy\" title=\"Nougayork   SD 480p\" width=\"900\" height=\"506\" src=\"https:\/\/www.youtube.com\/embed\/_VcJsFVsBlA?feature=oembed\" frameborder=\"0\" allow=\"accelerometer; autoplay; clipboard-write; encrypted-media; gyroscope; picture-in-picture; web-share\" referrerpolicy=\"strict-origin-when-cross-origin\" allowfullscreen><\/iframe><\/p>\n","protected":false},"excerpt":{"rendered":"<p>[vc_row parallax=\u00a0\u00bb\u00a0\u00bb parallax_image=\u00a0\u00bb\u00a0\u00bb][vc_column][vc_single_image image=\u00a0\u00bb465&Prime; img_size=\u00a0\u00bblarge\u00a0\u00bb alignment=\u00a0\u00bbcenter\u00a0\u00bb][vc_empty_space height=\u00a0\u00bb30px\u00a0\u00bb][vc_column_text] Voici FLASHBACK 80, le spectacle vari\u00e9t\u00e9s de Michel De Sarly (Dur\u00e9e 1h30 \u00e0<\/p>\n","protected":false},"author":1,"featured_media":0,"parent":0,"menu_order":0,"comment_status":"closed","ping_status":"closed","template":"page_full.php","meta":[],"_links":{"self":[{"href":"https:\/\/desarly.com\/index.php\/wp-json\/wp\/v2\/pages\/91"}],"collection":[{"href":"https:\/\/desarly.com\/index.php\/wp-json\/wp\/v2\/pages"}],"about":[{"href":"https:\/\/desarly.com\/index.php\/wp-json\/wp\/v2\/types\/page"}],"author":[{"embeddable":true,"href":"https:\/\/desarly.com\/index.php\/wp-json\/wp\/v2\/users\/1"}],"replies":[{"embeddable":true,"href":"https:\/\/desarly.com\/index.php\/wp-json\/wp\/v2\/comments?post=91"}],"version-history":[{"count":19,"href":"https:\/\/desarly.com\/index.php\/wp-json\/wp\/v2\/pages\/91\/revisions"}],"predecessor-version":[{"id":484,"href":"https:\/\/desarly.com\/index.php\/wp-json\/wp\/v2\/pages\/91\/revisions\/484"}],"wp:attachment":[{"href":"https:\/\/desarly.com\/index.php\/wp-json\/wp\/v2\/media?parent=91"}],"curies":[{"name":"wp","href":"https:\/\/api.w.org\/{rel}","templated":true}]}}